 z?
25
Let u = -148 - -213. Let t = u + -72. Calculate the remainder when 34 is divided by t/28 - (-49)/4.
10
Let q be (-5)/(-3) + 6136/12. Suppose 2*n + 17*n - q = 0. Suppose -2*t - 2*w = -170, 0*t - 65 = -t + 3*w. Calculate the remainder when t is divided by n.
26
Let r(s) = 644*s + 1316. Calculate the remainder when 1453 is divided by r(-2).
25
Suppose 0 = -h - 416 + 441. Calculate the remainder when 116 is divided by h.
16
Let h(k) = -2*k + 101. Let z be 4/26 - (469/91 - 5). Calculate the remainder when h(z) is divided by 33.
2
Let u = 337 + -599. Calculate the remainder when (-138)/(-207)*(-1 - u/4) is divided by 16.
11
Let r(y) = 3*y - 4. Let f be 3*2/(-4)*(-20)/30. Let c be r(f). What is the remainder when 41 is divided by 13 - (5/5)/(c/(-2))?
8
Let h = -3001 + 3166. What is the remainder when 408 is divided by h?
78
Suppose 2*x + 16 = 4, -4*d - 5*x = -1266. Calculate the remainder when 663 is divided by d.
15
Suppose -34*u = -17388 + 8564 - 50982. What is the remainder when u is divided by 10?
9
Suppose 2*j + 1583*q - 389 = 1582*q, 0 = j + 5*q - 181. Calculate the remainder when 8033 is divided by j.
193
Let m(t) = t**3 + 5*t**2 + 1321. Calculate the remainder when m(0) is divided by 7.
5
Suppose 0*s + s - 3345 = -2*x, -5007 = -3*x - 5*s. Suppose -34*q + 5262 = -x. What is the remainder when q is divided by 26?
22
Let o(f) = -4258*f - 2 + 4259*f + 4. Calculate the remainder when o(19) is divided by 12.
9
Calculate the remainder when 119 is divided by (-845)/(-39) + -4 + -1*(-1)/3.
11
Let p(w) = -w**3 + 5*w**2 + 14*w + 12. Let i be p(7). Suppose -i*l = -6 - 150. What is the remainder when (2 - -56)/(0 - -1) is divided by l?
6
Let l be (302/4)/((-25)/(-20) - 1). Let c = -292 + l. Suppose 126 = 5*s - 204. What is the remainder when s is divided by c?
6
Let a(b) = -223*b + 492. Calculate the remainder when 2850 is divided by a(2).
44
Suppose -2*f + 75 = f. Suppose 0 = 16*g - 15*g - 19. Suppose g*z - 25*z = -42. Calculate the remainder when f is divided by z.
4
Suppose 4*x = d - 275, 4*d - 5*x - 645 - 444 = 0. What is the remainder when 718 is divided by d?
176
Let w = -235 + 543. Let d = w - 226. Suppose 6*b - b = 105. What is the remainder when d is divided by b?
19
Suppose 15*l - 10*l - 45 = 5*v, -5*l + 41 = -v. Calculate the remainder when 5559 is divided by l.
7
Let i = -5577 + 8706. Calculate the remainder when i is divided by 108.
105
What is the remainder when 63/(-35) - 15632/(-40) is divided by 26?
25
Let w = -336 + 342. Calculate the remainder when 10/w*(17 - -1) is divided by 10.
0
Calculate the remainder when 1309 is divided by 34650/945 + (-11)/3.
22
Let f = 301 - 301. Suppose 3*s = 4*p - 87, -3*s + f*s = -2*p + 45. What is the remainder when 30 is divided by p?
9
Let l(o) = 2*o - 61. Let d be l(28). What is the remainder when 12 is divided by 1*d/15*-21?
5
Suppose 4*r - 2*d = 692, 3*r - 272 - 208 = -5*d. Calculate the remainder when r is divided by 16.
10
Suppose -q - 351 + 22 = -3*j, 4*q - 349 = -3*j. Suppose m - 2*g = 27, -j = -5*m + 6*g - 8*g. Calculate the remainder when 206 is divided by m.
22
Suppose -3388 = -7*k - 7*k. Calculate the remainder when k is divided by ((-1)/2)/((-12)/1464).
59
Let n = -1741 + 1815. What is the remainder when 4661 is divided by n?
73
Let o = -89 + 92. Suppose -167 = -o*j - 125. Let a = 49 - 28. Calculate the remainder when a is divided by j.
7
Suppose -x - 91 = -3*z, -2*z = -125*x + 121*x - 64. Calculate the remainder when 688 is divided by z.
28
Let h = -13007 + 13154. What is the remainder when h is divided by 100?
47
Let a = -180 - -180. Suppose a = 8*o - 11*o + 78. Calculate the remainder when o is divided by 17.
9
Let i = 933 + -514. Let l = i - 411. What is the remainder when 19 is divided by l?
3
Let c(f) = f**3 + 21*f**2 + 61*f + 28. Let r be c(-18). Let q = r - -105. Calculate the remainder when 25 is divided by q.
4
Let s(d) = 192*d - 192. Let u be ((-2)/(-4))/((-5)/(-10)) - -3. What is the remainder when s(u) is divided by 58?
54
Let v = 282 - 293. Let a = 11 - v. Calculate the remainder when a is divided by 5.
2
Suppose -2*z = 2*h - 10, 5*h + 123*z - 121*z = 34. What is the remainder when 644 is divided by h?
4
Let p = 7943 - 7224. Calculate the remainder when p is divided by 21.
5
Let w(v) = 35*v**3 - 15*v**2 + 126*v - 112. What is the remainder when -2 - (-2*51 + 1) is divided by w(1)?
31
Let u(i) be the first derivative of i**3/3 - 5*i**2/2 - 8*i + 21. Suppose 4*k = 13*k - 495. Calculate the remainder when k is divided by u(-4).
27
Suppose 41*f - 13875 = -144*f. What is the remainder when f is divided by 52?
23
Suppose 0 = -48*q + 47*q + 11. Suppose 2*n + 15*z - 260 = q*z, -3*n - 5*z = -391. What is the remainder when n is divided by 35?
27
Let s = -90 + 107. Suppose 0 = -u + 17 - s. Suppose 5*j - 4*j - 346 = -3*t, 2*t - 4*j - 226 = u. What is the remainder when t is divided by 24?
19
Suppose 0*s = s + 3. What is the remainder when (-3 - -1)*2641/(-278) is divided by 15 + 3 + (-9 - s)?
7
Suppose -28*m + 831 = 3*m - 10732. What is the remainder when m is divided by 114?
31
Suppose 5*k - 190 = -5*v, -7*v + 2*v = k - 178. Suppose 4*s - 3*p = 29, 4*s - v = -s + 4*p. What is the remainder when 22 is divided by s?
0
Suppose -161*j - 56*j = 109*j - 18582. What is the remainder when 10886 is divided by j?
56
Let x(o) = -o - 9. Let h be x(-5). Let y be (0 + 9)*(15/(-63) + 24/42). Calculate the remainder when 11 is divided by h/(((-4)/(-12))/(y/(-9))).
3
Suppose 3*b + 32 = 7*b. Suppose b*u - 1023 = -3*u. Calculate the remainder when u is divided by 48.
45
Suppose 14*z = 3*s - 23129, -s + 2*z + 3376 = -4339. What is the remainder when s is divided by 78?
75
Suppose 428*l - 9 = 425*l. Let n = -3 - -48. Calculate the remainder when n is divided by l*2 + (5 + -7 - -6).
5
Suppose 5*w - 12*w - 6724 = -89*w. Calculate the remainder when 347 is divided by w.
19
Suppose -640*z = -332*z - 260*z - 16080. Let t(w) = -w**3 - 2*w**2 - 3*w - 2. What is the remainder when z is divided by t(-3)?
15
Let h(b) = -b**3 + 27*b**2 - 63*b + 330. Calculate the remainder when 1578 is divided by h(25).
3
What is the remainder when ((-28492)/2095)/((-43)/(-45) - 1) is divided by (-30)/(-9)*(-936)/(-30)?
98
Suppose -g + d = g - 287, 0 = -g + 3*d + 131. Suppose 4*n - 214 = g. Calculate the remainder when n is divided by (2/4*2)/((-8)/(-248)).
28
Let h be (820/60)/(2/72). Let o = h + -411. What is the remainder when o is divided by 8?
1
Let k(o) = 173*o + 17. Let d be k(-5). Let m be 2/10 - d/10. Suppose 6*f - f = m. Calculate the remainder when f is divided by 10.
7
Let x = 1289 + -1273. Calculate the remainder when 398 is divided by x.
14
Let o = 20 - -104. What is the remainder when 233 is divided by o?
109
Suppose 0 = -i - 4*u + 2259 - 314, 2*u = i - 1969. Calculate the remainder when i is divided by 13.
11
Suppose -7*i + 13 = -1. Suppose -i*r - 5824 = -30*r. Calculate the remainder when r is divided by 10.
8
Let q(j) = -13*j**3 - 54*j**2 - 10*j - 3. Let y = 1 - -10. What is the remainder when y is divided by q(-4)?
1
Suppose -4*s - 4*x + 1010 = 2890, 0 = s - 2*x + 458. Let l = -352 - s. Calculate the remainder when l is divided by 20.
14
Let o be (-2 + 6 - -27)*1. Let w = o + -25. Suppose -5*u - 26 = 2*g - w*g, g = -3*u + 15. Calculate the remainder when 11 is divided by g.
2
Suppose -6*r + 57*r = 1428. What is the remainder when 61 is divided by r?
5
Let h = -15209 + 16970. Calculate the remainder when h is divided by 54.
33
Suppose 42*b - 9993 = 115983 - 12996. Calculate the remainder when b is divided by 35.
30
Let q(x) = x + 5*x**2 - 2*x**2 - x**2 - 2*x**3 - 38*x**3. Let w be q(-1). Suppose -w = 4*g - 117. Calculate the remainder when 52 is divided by g.
14
Suppose 0 = 10*i - 13*i. Suppose 0 = 5*q - i*q - 115. Suppose 9*l = 7*l - d + 21, 2*l + 4*d - 36 = 0. Calculate the remainder when q is divided by l.
7
Let v be -2*(1 + 13 + -2). Suppose -14*n = 2*n + 80. Calculate the remainder when 9 is divided by n*(-3 - v/15) - 3.
1
Let v(o) = -116*o - 609. Suppose 13 = 4*p - 15. Calculate the remainder when v(-6) is divided by p.
3
Suppose 7*a = 927 + 5303. What is the remainder when a is divided by 11?
10
Let k(p) = p**2 - 28*p + 247. Calculate the remainder when 119 is divided by k(12).
9
Let q = -10647 + 1492